Select a Year or Month report
Report for 2023 Dec
MONTHLY CLIMATOLOGICAL SUMMARY for DEC. 2023
NAME: Ierapetra Weather Station CITY: Ierapetra STATE: Greece
ELEV: 12 m LAT: 35 00' 36" N LONG: 25 44' 25" E
TEMPERATURE (C), RAIN (mm), WIND SPEED (km/hr)
HEAT COOL AVG
MEAN DEG DEG WIND DOM
DAY TEMP HIGH TIME LOW TIME DAYS DAYS RAIN SPEED HIGH TIME DIR
------------------------------------------------------------------------------------
1 18.6 21.6 14:15 15.3 7:20 0.9 1.1 0.0 3.4 22.5 14:20 W
2 18.5 21.6 13:30 15.7 7:50 0.8 1.1 0.0 3.4 20.9 13:20 W
3 18.5 21.9 12:40 15.9 1:35 0.9 1.1 0.0 3.2 22.5 13:30 W
4 18.3 23.1 14:15 14.9 7:50 1.2 1.2 0.0 1.9 14.5 12:05 NE
5 18.3 22.8 14:50 15.7 1:10 0.8 0.9 0.0 4.8 22.5 11:50 NE
6 19.2 21.1 15:20 17.4 20:00 0.0 0.9 1.6 10.8 40.2 16:15 W
7 18.7 20.4 12:15 16.3 3:35 0.2 0.5 0.2 8.7 40.2 15:05 W
8 16.3 20.0 14:45 13.3 6:25 2.2 0.1 0.0 7.4 45.1 14:55 NE
9 14.8 17.4 13:00 13.1 5:30 3.5 0.0 0.0 10.1 33.8 10:50 NE
10 14.2 16.6 11:45 13.1 18:30 4.1 0.0 10.8 6.3 20.9 0:05 NE
11 15.6 18.3 15:05 12.9 6:50 2.8 0.0 10.8 7.7 30.6 22:15 N
12 17.2 20.9 14:35 14.6 7:50 1.5 0.3 0.0 5.5 29.0 0:05 NE
13 18.4 21.5 14:55 13.7 5:15 1.0 1.1 0.0 5.5 29.0 23:50 W
14 19.6 21.2 12:55 16.3 7:45 0.1 1.3 0.0 5.5 25.7 1:05 W
15 19.6 21.1 15:05 16.4 3:10 0.2 1.5 0.0 5.3 24.1 11:20 SW
16 19.7 21.7 15:35 16.2 23:10 0.3 1.7 0.0 8.9 32.2 1:15 SW
17 15.8 17.4 10:55 14.4 20:30 2.5 0.0 1.2 20.4 57.9 14:05 NE
18 15.4 16.9 14:50 14.3 1:05 2.9 0.0 0.0 16.7 45.1 12:45 NE
19 16.1 19.7 14:05 14.1 00:00 2.3 0.1 0.0 8.0 38.6 1:10 NE
20 16.8 19.7 13:20 13.1 3:20 1.7 0.2 5.4 5.1 30.6 23:25 SE
21 17.0 19.2 2:15 14.4 10:00 1.4 0.1 7.4 9.2 53.1 2:15 W
22 16.8 20.1 14:35 12.9 6:55 1.7 0.2 0.0 8.5 43.5 15:20 W
23 17.6 20.9 14:35 13.3 00:00 1.3 0.5 0.0 6.1 33.8 2:10 NE
24 16.1 21.1 16:10 12.3 7:25 2.7 0.6 0.0 1.8 16.1 12:00 NE
25 16.6 19.9 13:25 13.2 4:15 2.2 0.4 0.0 4.3 27.4 15:00 W
26 16.8 20.8 12:55 14.1 2:10 1.9 0.5 0.6 1.8 17.7 16:00 W
27 17.4 20.6 15:00 14.9 2:25 1.3 0.4 4.8 4.7 22.5 23:10 NE
28 17.6 19.9 12:25 14.9 00:00 1.1 0.3 0.0 11.4 40.2 12:25 NE
29 16.1 20.7 15:05 12.8 8:00 2.4 0.3 0.0 3.7 25.7 17:15 NE
30 16.7 20.1 13:30 14.2 3:30 1.8 0.2 0.0 3.4 30.6 14:20 NE
31 17.2 20.8 13:45 13.9 4:00 1.5 0.4 0.6 1.8 12.9 15:00 NE
-------------------------------------------------------------------------------------
17.3 23.1 4 12.3 24 49.2 17.1 43.4 6.6 57.9 17 NE
Max >= 32.0: 0
Max <= 0.0: 0
Min <= 0.0: 0
Min <= -18.0: 0
Max Rain: 10.80 ON 10/12/23
Days of Rain: 10 (> .2 mm) 5 (> 2 mm) 0 (> 20 mm)
Heat Base: 18.3 Cool Base: 18.3 Method: Integration