Select a Year or Month report
Report for 2023 Nov
MONTHLY CLIMATOLOGICAL SUMMARY for NOV. 2023
NAME: Ierapetra Weather Station CITY: Ierapetra STATE: Greece
ELEV: 12 m LAT: 35 00' 36" N LONG: 25 44' 25" E
TEMPERATURE (C), RAIN (mm), WIND SPEED (km/hr)
HEAT COOL AVG
MEAN DEG DEG WIND DOM
DAY TEMP HIGH TIME LOW TIME DAYS DAYS RAIN SPEED HIGH TIME DIR
------------------------------------------------------------------------------------
1
2
3
4
5
6
7
8
9
10
11
12
13
14
15
16
17
18
19 15.9 16.1 22:40 15.7 00:00 0.3 0.0 0.0 10.0 22.5 23:35 N
20 17.3 20.8 14:31 14.3 7:21 1.6 0.5 0.0 5.5 25.7 2:45 NE
21 19.2 23.0 14:11 14.1 1:45 1.2 2.1 0.0 4.5 24.1 15:00 W
22 21.5 23.6 14:55 18.3 11:01 0.0 3.2 10.6 6.0 32.2 10:30 W
23 20.9 22.1 1:21 18.4 23:56 0.0 2.6 0.0 9.0 33.8 5:26 ESE
24 19.9 22.3 15:56 17.4 6:11 0.1 1.7 3.8 3.4 17.7 11:26 SE
25 21.0 23.1 12:01 17.2 22:16 0.0 2.7 15.2 15.0 74.0 21:46 W
26 16.7 19.9 0:05 12.1 23:10 1.9 0.3 0.0 10.3 49.9 0:45 W
27 14.6 18.7 12:25 10.4 23:00 3.7 0.0 0.0 3.1 24.1 11:05 NW
28 17.1 20.1 00:00 10.9 1:20 1.5 0.5 1.4 10.8 43.5 13:45 W
29 20.2 21.0 13:05 19.7 5:20 0.0 1.9 0.2 13.4 37.0 1:55 W
30 19.9 23.3 13:00 16.7 7:35 0.2 1.8 0.0 1.8 17.7 0:05 W
-------------------------------------------------------------------------------------
18.7 23.6 22 10.4 27 10.3 17.3 31.2 7.7 74.0 25 W
Max >= 32.0: 0
Max <= 0.0: 0
Min <= 0.0: 0
Min <= -18.0: 0
Max Rain: 15.19 ON 25/11/23
Days of Rain: 5 (> .2 mm) 3 (> 2 mm) 0 (> 20 mm)
Heat Base: 18.3 Cool Base: 18.3 Method: Integration