Select a Year or Month report
Report for 2021 Nov
MONTHLY CLIMATOLOGICAL SUMMARY for NOV. 2021
NAME: Ierapetra Weather Station CITY: Ierapetra STATE: Greece
ELEV: 12 m LAT: 35 00' 36" N LONG: 25 44' 25" E
TEMPERATURE (C), RAIN (mm), WIND SPEED (km/hr)
HEAT COOL AVG
MEAN DEG DEG WIND DOM
DAY TEMP HIGH TIME LOW TIME DAYS DAYS RAIN SPEED HIGH TIME DIR
------------------------------------------------------------------------------------
1 19.2 21.6 12:30 16.7 23:30 0.1 1.0 0.0 14.5 43.5 6:45 NE
2 20.1 24.6 15:50 15.4 3:25 0.8 2.5 0.0 1.6 14.5 12:00 W
3 21.9 25.7 15:40 19.2 5:00 0.0 3.6 0.0 1.1 12.9 8:50 W
4 21.4 24.3 13:05 19.1 6:25 0.0 3.1 0.0 0.5 9.7 12:50 SSE
5 20.9 24.1 16:00 17.2 5:40 0.1 2.8 0.2 1.4 20.9 19:25 W
6 22.3 25.5 14:00 19.4 23:55 0.0 4.0 0.0 12.9 43.5 11:35 NE
7 20.7 24.4 12:40 18.6 5:05 0.0 2.3 0.0 9.7 37.0 8:00 NE
8 20.0 24.3 14:35 17.3 5:00 0.1 1.8 0.0 2.4 19.3 3:20 NE
9 20.1 24.4 12:00 17.0 4:00 0.2 2.0 0.0 7.7 32.2 22:55 NE
10 19.2 21.7 10:25 17.6 23:30 0.2 1.0 0.0 27.4 67.6 15:20 NE
11 17.6 18.6 11:20 16.8 23:15 0.8 0.0 0.0 18.8 54.7 2:55 NE
12 18.4 21.1 12:25 16.2 4:55 0.5 0.6 0.0 8.9 33.8 0:30 NE
13 18.9 21.7 12:25 16.6 6:40 0.2 0.8 0.0 4.7 20.9 10:10 NE
14 19.3 23.2 16:05 16.8 00:00 0.2 1.2 0.0 2.7 14.5 18:20 NE
15 19.0 21.4 13:25 16.7 1:10 0.2 0.9 0.0 11.1 37.0 18:30 NE
16 19.0 21.3 13:45 17.3 6:35 0.1 0.8 0.0 11.3 41.8 23:00 NE
17 18.7 20.7 10:55 16.7 23:45 0.2 0.6 0.0 12.1 41.8 1:25 NE
18 17.8 19.8 13:20 16.4 23:25 0.8 0.3 0.0 12.4 35.4 13:35 NE
19 17.5 19.7 12:25 16.2 23:25 1.0 0.2 0.0 14.3 45.1 23:55 NE
20 16.2 17.3 11:35 15.6 7:00 2.1 0.0 0.0 23.2 67.6 6:30 N
21 17.1 19.6 14:00 14.8 23:50 1.4 0.2 0.0 11.9 40.2 2:15 NE
22 17.6 21.4 15:25 13.1 5:00 1.6 0.9 0.4 1.9 22.5 21:25 SW
23 19.7 22.2 12:45 16.8 6:00 0.3 1.7 25.6 5.6 22.5 12:25 W
24 18.9 23.6 12:30 16.9 00:00 0.3 0.9 0.6 7.2 35.4 19:50 NE
25 16.8 18.8 12:35 15.1 20:55 1.6 0.0 0.0 11.9 38.6 9:30 NE
26 19.7 21.7 16:00 15.3 0:05 0.3 1.7 0.0 8.4 33.8 11:50 SSE
27 20.5 21.8 14:10 19.1 2:50 0.0 2.2 0.0 6.3 20.9 3:45 W
28 21.2 22.1 14:20 20.4 1:55 0.0 2.8 0.0 6.9 22.5 9:40 W
29 21.4 22.7 8:30 19.7 23:40 0.0 3.1 0.0 13.0 53.1 17:05 W
30 18.5 20.3 14:05 15.5 21:05 0.5 0.7 0.0 14.2 54.7 15:45 W
-------------------------------------------------------------------------------------
19.3 25.7 3 13.1 22 13.8 43.9 26.8 9.5 67.6 10 NE
Max >= 32.0: 0
Max <= 0.0: 0
Min <= 0.0: 0
Min <= -18.0: 0
Max Rain: 25.60 ON 23/11/21
Days of Rain: 4 (> .2 mm) 1 (> 2 mm) 1 (> 20 mm)
Heat Base: 18.3 Cool Base: 18.3 Method: Integration