Select a Year or Month report
Report for 2021 May
MONTHLY CLIMATOLOGICAL SUMMARY for MAY. 2021
NAME: Ierapetra Weather Station CITY: Ierapetra STATE: Greece
ELEV: 12 m LAT: 35 00' 36" N LONG: 25 44' 25" E
TEMPERATURE (C), RAIN (mm), WIND SPEED (km/hr)
HEAT COOL AVG
MEAN DEG DEG WIND DOM
DAY TEMP HIGH TIME LOW TIME DAYS DAYS RAIN SPEED HIGH TIME DIR
------------------------------------------------------------------------------------
1 24.0 29.9 15:05 18.3 6:55 0.0 5.7 0.0 0.2 6.4 4:15 SE
2 23.3 26.9 17:25 19.3 6:35 0.0 5.0 0.0 0.6 11.3 14:15 W
3 23.4 29.1 12:45 20.5 6:50 0.0 5.1 0.0 2.9 19.3 14:40 SE
4 24.9 30.3 14:20 20.3 5:05 0.0 6.5 0.0 8.7 41.8 15:05 NE
5 22.9 26.0 9:30 20.2 4:20 0.0 4.6 0.0 4.5 24.1 2:05 N
6 23.0 27.9 14:00 19.6 7:05 0.0 4.7 0.0 5.6 38.6 13:20 ENE
7 22.4 25.8 17:20 18.9 5:40 0.0 4.2 0.0 2.3 17.7 3:00 W
8 22.6 25.9 8:45 20.0 1:15 0.0 4.3 0.0 7.1 38.6 23:55 ESE
9 22.9 26.7 14:50 19.1 00:00 0.0 4.6 0.0 25.6 67.6 23:50 NE
10 20.2 23.3 16:15 17.8 5:35 0.0 1.9 0.0 26.7 67.6 3:50 NE
11 20.9 24.4 13:25 18.4 23:35 0.0 2.7 0.0 12.1 49.9 3:15 NE
12 20.4 24.7 15:40 16.9 2:15 0.2 2.3 0.0 2.9 17.7 2:20 W
13 19.9 22.8 10:55 15.9 4:20 0.3 1.9 0.0 3.4 25.7 13:35 W
14 20.2 24.0 14:35 16.6 6:20 0.2 2.1 0.0 1.9 14.5 21:40 W
15 20.1 22.9 14:55 16.1 6:05 0.3 2.0 0.0 2.4 14.5 20:35 W
16 20.9 23.8 12:30 16.2 5:15 0.1 2.7 0.0 5.3 32.2 21:25 W
17 20.6 23.6 17:25 16.9 3:30 0.2 2.4 0.0 2.4 14.5 14:00 W
18 21.7 26.6 15:25 17.6 4:10 0.1 3.5 0.0 1.0 11.3 17:15 W
19 21.9 24.6 15:40 19.1 4:30 0.0 3.6 0.0 1.0 12.9 19:10 W
20 21.3 24.7 18:30 17.9 6:50 0.0 3.0 0.0 1.4 11.3 12:05 W
21 21.2 24.4 17:10 17.9 6:30 0.0 2.9 0.0 11.7 51.5 15:50 NE
22 21.8 25.4 17:30 18.7 0:10 0.0 3.5 0.0 13.0 45.1 5:50 N
23 24.1 27.4 13:55 20.4 4:45 0.0 5.7 0.0 12.7 40.2 18:05 NE
24 26.2 31.3 13:30 23.2 0:05 0.0 7.9 0.0 10.5 49.9 4:00 NE
25 27.0 31.8 11:50 23.7 2:35 0.0 8.7 0.0 5.3 30.6 4:10 NE
26 26.3 30.8 9:50 23.3 21:30 0.0 8.0 0.0 6.1 33.8 4:55 W
27 23.3 25.6 0:05 20.3 5:50 0.0 5.1 0.0 2.6 14.5 6:35 W
28 22.8 26.4 15:15 19.3 6:20 0.0 4.5 0.0 1.9 17.7 12:30 W
29 23.8 27.9 13:55 20.7 4:40 0.0 5.5 0.0 6.4 37.0 10:30 W
30 23.5 27.6 16:40 20.7 6:15 0.0 5.2 0.0 9.3 33.8 19:35 NE
31 22.3 25.3 17:45 19.3 6:50 0.0 4.0 0.0 4.3 19.3 13:05 NE
-------------------------------------------------------------------------------------
22.6 31.8 25 15.9 13 1.4 133.8 0.0 6.5 67.6 9 NE
Max >= 32.0: 0
Max <= 0.0: 0
Min <= 0.0: 0
Min <= -18.0: 0
Max Rain: 0.00 ON 01/05/21
Days of Rain: 0 (> .2 mm) 0 (> 2 mm) 0 (> 20 mm)
Heat Base: 18.3 Cool Base: 18.3 Method: Integration