Select a Year or Month report
Report for 2019 Feb
MONTHLY CLIMATOLOGICAL SUMMARY for FEB. 2019
NAME: Ierapetra Weather Station CITY: Ierapetra STATE: Greece
ELEV: 14 m LAT: 35 00' 36" N LONG: 25 44' 25" E
TEMPERATURE (C), RAIN (mm), WIND SPEED (km/hr)
HEAT COOL AVG
MEAN DEG DEG WIND DOM
DAY TEMP HIGH TIME LOW TIME DAYS DAYS RAIN SPEED HIGH TIME DIR
------------------------------------------------------------------------------------
1 13.4 16.9 11:05 10.0 6:05 4.9 0.0 0.0 4.0 22.5 17:45 W
2 14.4 18.1 13:35 10.1 3:35 3.9 0.0 0.0 2.7 16.1 13:05 SSE
3 16.3 18.1 13:40 15.3 0:35 2.0 0.0 0.0 7.1 19.3 14:00 SE
4 16.1 16.8 15:30 14.7 6:15 2.2 0.0 0.0 12.2 35.4 23:45 ESE
5 16.3 17.5 13:00 13.7 20:30 2.0 0.0 3.4 19.6 48.3 11:35 ESE
6 14.9 16.3 11:20 11.7 23:50 3.3 0.0 3.0 12.9 35.4 9:35 SE
7 12.1 14.4 12:55 10.5 4:35 6.2 0.0 9.6 6.0 30.6 22:35 NE
8 12.7 15.0 14:30 11.2 4:00 5.6 0.0 1.2 14.6 45.1 11:35 NE
9 12.7 16.4 11:40 9.7 4:35 5.6 0.0 0.0 9.0 32.2 0:25 NE
10 13.3 17.1 15:30 11.2 0:25 5.0 0.0 0.0 10.0 30.6 8:35 NE
11 13.8 17.1 14:45 8.7 6:50 4.5 0.0 0.0 9.7 45.1 16:15 W
12 15.6 16.9 11:50 13.7 00:00 2.8 0.0 0.0 11.4 40.2 4:40 W
13 13.3 15.8 5:50 11.4 8:45 5.0 0.0 11.0 4.5 29.0 16:30 SW
14 11.4 13.7 10:05 9.9 13:45 6.8 0.0 35.0 10.9 61.2 17:35 N
15 10.8 13.2 14:00 9.0 7:50 7.5 0.0 0.4 22.9 66.0 4:45 N
16 10.6 14.4 14:40 8.4 2:10 7.7 0.0 0.6 9.3 37.0 16:55 NE
17 11.8 15.1 12:30 9.8 0:15 6.4 0.0 3.0 12.1 35.4 19:30 NE
18 13.2 16.3 12:00 10.7 22:30 5.1 0.0 0.0 9.8 35.4 12:45 NE
19 13.4 17.9 12:05 9.6 1:25 4.8 0.0 0.0 2.9 14.5 14:20 NE
20 13.9 17.9 14:05 10.3 5:55 4.4 0.0 0.0 2.9 12.9 7:30 NE
21 14.1 17.8 12:45 10.2 4:25 4.3 0.0 0.0 6.9 30.6 15:55 NE
22 14.4 17.4 12:25 11.5 00:00 3.9 0.0 0.6 4.8 27.4 10:10 NE
23 14.1 16.6 12:50 10.3 2:05 4.2 0.0 2.0 5.8 25.7 14:20 W
24 14.1 16.1 15:20 10.9 00:00 4.2 0.0 16.6 7.9 40.2 10:25 NE
25 11.9 14.5 12:55 10.6 0:20 6.4 0.0 28.0 11.1 48.3 15:15 NE
26 12.9 14.7 12:30 11.4 0:55 5.4 0.0 1.4 17.2 56.3 16:10 NE
27 11.6 13.7 11:45 9.2 4:40 6.7 0.0 0.4 13.0 64.4 21:10 N
28 11.3 13.8 15:20 8.9 00:00 7.0 0.0 0.0 17.4 59.5 1:40 N
-------------------------------------------------------------------------------------
13.4 18.1 2 8.4 16 137.8 0.0 116.2 10.0 66.0 15 NE
Max >= 32.0: 0
Max <= 0.0: 0
Min <= 0.0: 0
Min <= -18.0: 0
Max Rain: 35.00 ON 14/02/19
Days of Rain: 15 (> .2 mm) 9 (> 2 mm) 2 (> 20 mm)
Heat Base: 18.3 Cool Base: 18.3 Method: Integration