Select a Year or Month report
Report for 2018 Nov
MONTHLY CLIMATOLOGICAL SUMMARY for NOV. 2018
NAME: Ierapetra Weather Station CITY: Ierapetra STATE: Greece
ELEV: 14 m LAT: 35 00' 36" N LONG: 25 44' 25" E
TEMPERATURE (C), RAIN (mm), WIND SPEED (km/hr)
HEAT COOL AVG
MEAN DEG DEG WIND DOM
DAY TEMP HIGH TIME LOW TIME DAYS DAYS RAIN SPEED HIGH TIME DIR
------------------------------------------------------------------------------------
1 22.9 27.6 13:05 20.1 0:30 0.0 4.6 0.0 12.2 37.0 16:05 NE
2 21.8 26.7 14:55 19.3 7:05 0.0 3.6 0.0 10.1 29.0 4:55 ENE
3 21.1 24.5 12:30 18.9 5:20 0.0 2.8 0.0 14.5 38.6 9:05 NE
4 20.4 22.8 13:50 18.7 23:25 0.0 2.1 0.0 14.6 40.2 10:50 NE
5 20.3 23.3 12:50 17.3 4:55 0.1 2.0 0.0 13.7 41.8 21:40 NE
6 19.9 21.7 12:20 18.8 23:35 0.0 1.7 0.0 18.3 45.1 12:20 NE
7 19.7 22.9 13:15 17.6 6:40 0.1 1.4 0.0 10.5 29.0 15:05 NE
8 19.6 23.8 12:30 17.9 3:45 0.0 1.4 0.0 10.6 35.4 12:20 NE
9 17.4 20.9 14:10 15.6 4:15 1.1 0.2 6.8 10.9 33.8 14:30 NE
10 18.7 21.9 12:45 16.6 7:00 0.5 0.8 0.0 11.3 29.0 10:15 NE
11 19.1 21.7 12:15 17.1 6:05 0.2 1.0 0.0 10.1 29.0 11:25 NE
12 19.3 21.6 14:05 18.0 2:15 0.0 1.1 0.0 16.1 40.2 9:00 NE
13 18.6 20.3 12:25 17.9 17:20 0.1 0.4 0.0 23.5 62.8 16:30 N
14 17.6 19.1 13:35 16.6 00:00 0.8 0.1 0.0 24.9 69.2 14:00 NE
15 17.1 18.6 11:55 16.0 23:50 1.2 0.0 0.0 24.6 64.4 9:05 N
16 15.8 18.4 13:15 13.3 23:25 2.4 0.0 6.2 12.4 40.2 7:00 NE
17 19.8 22.8 13:30 13.5 0:15 0.7 2.2 16.6 10.5 49.9 3:40 W
18 21.8 22.9 11:25 21.1 0:35 0.0 3.5 0.0 12.6 38.6 7:00 SSW
19 21.2 22.9 12:05 17.3 00:00 0.0 3.0 0.0 8.0 38.6 1:35 W
20 20.2 22.4 14:30 16.3 6:40 0.4 2.4 0.0 3.7 20.9 13:25 SSE
21 21.8 23.9 8:20 19.8 21:50 0.0 3.5 0.2 8.9 43.5 8:15 W
22 19.7 23.4 11:25 16.7 5:05 0.2 1.6 0.0 8.2 37.0 15:15 NE
23 17.1 18.3 14:25 15.8 23:55 1.2 0.0 0.0 20.9 56.3 23:40 N
24 16.7 18.6 13:40 15.6 3:15 1.6 0.0 0.0 20.1 70.8 1:10 NE
25 17.4 20.9 14:25 14.8 0:50 1.2 0.4 0.0 5.0 37.0 23:55 W
26 19.2 20.6 15:40 17.2 4:00 0.1 1.0 2.4 10.1 41.8 12:30 W
27 21.0 22.1 11:40 20.3 0:10 0.0 2.7 0.0 12.1 30.6 15:20 W
28 19.3 21.2 3:20 17.5 21:40 0.0 1.0 0.8 11.4 43.5 14:15 W
29 16.9 20.6 13:05 14.9 22:15 1.7 0.3 1.6 4.0 22.5 21:30 NE
30 14.1 15.3 0:05 12.8 22:30 4.3 0.0 1.2 21.2 59.5 10:55 NE
-------------------------------------------------------------------------------------
19.2 27.6 1 12.8 30 18.1 44.6 35.8 13.2 70.8 24 NE
Max >= 32.0: 0
Max <= 0.0: 0
Min <= 0.0: 0
Min <= -18.0: 0
Max Rain: 16.61 ON 17/11/18
Days of Rain: 8 (> .2 mm) 4 (> 2 mm) 0 (> 20 mm)
Heat Base: 18.3 Cool Base: 18.3 Method: Integration